-2 - 0. Let r be (-324)/(-12) + a/(-1). Suppose -5*z + r = -1. Calculate the remainder when 15 is divided by z.
3
Suppose -41*i + 37*i - 58*i + 21638 = 0. What is the remainder when i is divided by 45?
34
Let b = 7 + -5. Let j(p) = -4*p + 30. Let q be j(0). Calculate the remainder when 27 is divided by q/1*b*3/18.
7
Suppose 3*c + 4*s - 4551 = 1021, 3*c - 5571 = -3*s. Suppose -c = -3*g - 4*i, -3*g + 2*g - 3*i + 617 = 0. Calculate the remainder when g is divided by 25.
20
Suppose 0 = 314*h - 1058 - 2396. Calculate the remainder when 35 is divided by h.
2
Suppose 2*v + 3*r + 0*r - 57 = 0, 5*v + 3*r - 138 = 0. Let i be (-1 + -22 - -2)*8/(-24). Suppose 0 = i*t - v + 6. What is the remainder when 27 is divided by t?
0
Suppose 71*i + 5*i - 37179 = -5*i. Calculate the remainder when 1379 is divided by i.
2
Suppose 28084 = -23*s + 141*s. Suppose -z = 5*g + 13, 3*g - 2*g = -2*z - 35. Calculate the remainder when s is divided by 60/z*9/(-2).
13
Let a = -84 - -74. Let q be ((-28)/a)/((-14)/(-70)). Suppose q = f + 9. What is the remainder when 13 is divided by f?
3
Suppose -5*l - 4*v + 3612 = 0, 5*v - 268 - 1153 = -2*l. Calculate the remainder when l is divided by 362.
4
Let w(d) = 14*d + 100. Let p(k) = -85*k - 600. Let c(u) = -4*p(u) - 25*w(u). What is the remainder when c(-17) is divided by 27?
16
Let x be 6/(-18) + (-8)/(-6). Suppose -2*l + 6*l - 92 = -5*r, -4*r = -l + 2. Let q = x + l. Calculate the remainder when q is divided by 7.
5
Let z(c) = c**3 - 7*c**2 - 25*c - 5. Let f(t) = 76*t**2 + 27*t - 2. What is the remainder when f(3) is divided by z(10)?
43
Suppose -z + 310 = 3*w, 14*z - 9*z = 5*w - 550. What is the remainder when 478 is divided by w?
58
Let v = 604 + -945. Let y = v - -372. What is the remainder when y is divided by 10?
1
Let p(v) = -v - 2. Let z(y) = -3*y - 9. Let c(u) = 14*p(u) - 4*z(u). Let b = -5 + 1. What is the remainder when 78 is divided by c(b)?
14
Let i = 17916 + -17869. What is the remainder when 1417 is divided by i?
7
Let c(m) = m**2 + 43*m + 992. What is the remainder when c(0) is divided by 496?
0
Calculate the remainder when 687 is divided by (6/(-8))/((-10)/(-360)*-3).
3
Suppose 7*u - 568 = 48. Suppose -97*b = -u*b - 405. What is the remainder when b is divided by 13?
6
Suppose 173 = 16*k - 62 - 533. What is the remainder when 1609 is divided by k?
25
Let h(l) = l**2 + 37*l - 275. Calculate the remainder when h(7) is divided by 5.
3
Let m = -6 - -11. Suppose -45 = m*q - 140. Suppose 6*h - q = 5. Calculate the remainder when 14 is divided by h.
2
Calculate the remainder when (188/658 - 18755/7)*-1 is divided by 178.
9
Let s(b) = b**3 - 36*b**2 - 69*b - 90. Let c be s(38). Suppose -6*z + c = 2*z. What is the remainder when 39 is divided by z?
17
Let g(b) = b**2 - 42*b - 144. Let t be g(42). Let l = -151 + 221. What is the remainder when l is divided by (15 - 1)*t/(-168)?
10
Suppose -6*y - 105 = -13*y. Let t(j) = -8*j - 36. Calculate the remainder when t(-17) is divided by (-156)/16*(y/(-9) + -1).
22
Calculate the remainder when (-1)/(3/13209)*240/(-280) is divided by 118.
116
Calculate the remainder when ((-412)/(-6) + 2)*(-180)/(-40) is divided by 93/(6/4*1) - -2.
62
Suppose -3*b - 25 = -2*h, -2*h - 10 = -0*h + 4*b. Suppose -h*r + 109 = 19. What is the remainder when 103 is divided by r?
13
Suppose 3500*f = 3502*f - 666. What is the remainder when f is divided by 29?
14
Suppose -2*t = b - 1818, -2*b + 2712 = 2*t - 912. Calculate the remainder when b is divided by 3.
0
Let q = -2109 + 2115. Let v = -4 + 6. Suppose -5*t - 8 = 17, 25 = 3*s - v*t. What is the remainder when q is divided by s?
1
Let r be -1 - 2 - (-2 + -18). Suppose 0 = -4*i - 4*y + 8, 0*i - i + 2*y = -5. Calculate the remainder when r + 0 + 2 + -6 + 2 is divided by i.
0
Let g = -21 - -26. Let t(y) = y**2 - 1. Let j(i) = -3*i**2 - i + 11. Let v(c) = j(c) + 4*t(c). What is the remainder when v(g) is divided by 14?
13
Let n be (-33)/2*(-6)/(-9). Let u(s) = s**3 + 12*s**2 + 10*s. Let w be u(n). Let o(x) = -x + 21. What is the remainder when o(w) is divided by 3?
1
Suppose 64*g - 3*y + 523 = 66*g, 5*g - 3*y - 1297 = 0. What is the remainder when g is divided by 109?
42
Suppose -3*m + 33 + 393 = 2*z, -2*m - 3*m = 0. What is the remainder when z is divided by 44?
37
Suppose 0 = -5*g + g + j - 27, 3*g + 5*j = -3. What is the remainder when (-9)/(-6)*(-32)/g is divided by 4*5/(-12)*(-5 - -2)?
3
Let h = -30025 - -35636. Calculate the remainder when h is divided by 108.
103
Let f(v) = 6*v**3 + 73*v**2 + 9*v - 10. What is the remainder when 2823 is divided by f(-12)?
15
What is the remainder when 6/(-8) + ((-23828)/(-16))/7 is divided by (-2*43/(-6))/((-10)/(-30))?
40
Suppose 2 = -3*l - u, -3*l + 3 = 2*u + 7. Suppose l = -x + 10 + 67. What is the remainder when 302 is divided by x?
71
Suppose 5*f - 2*g - 6511 = 0, 2*g = 3*f - 218 - 3687. Calculate the remainder when f is divided by 637.
29
Let f = 20069 + -10855. Calculate the remainder when f is divided by 8.
6
Let w = -2869 - -4163. Calculate the remainder when w is divided by 22.
18
Let t(z) = 371*z + 1. Let o be t(1). Let x = -185 + o. Let d = -69 + x. What is the remainder when d is divided by 11?
8
Suppose -3108*b + 1817 = -3085*b. Calculate the remainder when 1058 is divided by b.
31
Let a be (3 - 6)*1/1 - -5. Suppose -h - a*l = -6*l - 20, 4*h = l + 65. What is the remainder when 108 is divided by -1*-1*(h - 5)?
9
Let j(d) = -d**3 - d**2 - d + 1. Let k(g) = -22*g**3 + 5*g - 1. Let f(p) = -4*j(p) - k(p). Calculate the remainder when 389 is divided by f(1).
25
Suppose 0 = -5*t + u + 4377, -209 - 676 = -t + 5*u. Calculate the remainder when t is divided by 233.
176
Let v(k) = -3*k**3 - k**2 - 16*k. What is the remainder when 207 is divided by v(-3)?
87
Let q(p) = -p + 17. Let f be q(13). Suppose 5*k - 3*v - 3 = 0, 0*k + 5*v = f*k + 8. Suppose -u = -13*u + 348. Calculate the remainder when u is divided by k.
2
Let s = -169 + 179. Suppose 6*g - 3*b = s*g - 968, -4*b = -2*g + 484. Calculate the remainder when g is divided by 19.
14
Let g = -5185 - -5198. What is the remainder when 466 is divided by g?
11
Let y(k) = k**2 - 34*k + 303. Let h be y(14). Suppose -f = -u + 2*u - 11, 2*f - h = -u. Let l(d) = 4*d - 3. What is the remainder when l(6) is divided by f?
9
Suppose 4*f + 43*f - 235 = 0. Let k = 1 - 1. Suppose -4*t = -n - 43, k*n + f*n - 5 = 0. Calculate the remainder when 28 is divided by t.
6
What is the remainder when (377/(-39) - -9) + (-5848)/(-6) is divided by 61?
59
What is the remainder when 10974/(-279)*(63/(-6) - -3) is divided by 10?
5
Suppose 1311 + 195 = 35*y - 5669. What is the remainder when y is divided by 45?
25
Let n(f) = -2*f**2 - 10*f + 1. Let u be n(-3). Calculate the remainder when 14 is divided by (9/(-2))/(u/(-26)).
5
Let y be 1489/9 + (-68)/153. Suppose y*m + 429 = 178*m. What is the remainder when 77 is divided by m?
11
Let y = -10 + 20. Suppose -3*x + y = 1. Suppose -3*b = -3, 3*o + x*b - 206 = 4*b. Calculate the remainder when o is divided by 18.
15
What is the remainder when (0/(-1) - -963) + (-130)/(-26) is divided by 198?
176
Let m(j) = 5*j**3 + 2*j**2 + 3*j + 5. Let p(r) = 4*r**3 + 3*r**2 + 2*r + 5. Let s(o) = -3*m(o) + 4*p(o). What is the remainder when s(-3) is divided by 9?
8
Suppose -169*c - 200379 = -859310. Calculate the remainder when c is divided by 50.
49
Let h = 32080 + -31993. Calculate the remainder when 538 is divided by h.
16
Suppose -16*c + 80 = 0, c = 5*q + 3*c - 5780. What is the remainder when q is divided by 129?
122
Suppose -50874 = -78*f - 44*f. What is the remainder when f is divided by 20?
17
Let j = 1323 + -1091. What is the remainder when j is divided by 35?
22
Let c = 74 - 57. Let v be (-5)/10*-7*-10. Let f = -30 - v. What is the remainder when c is divided by f?
2
Suppose 5*b = -5*g - 65, -2*b = 5*g + 5 + 33. Let v(n) = 3*n + 31. Calculate the remainder when v(b) is divided by 4.
0
Let w = 103 - 103. Suppose w*n - 43 = -a - n, a + 5*n = 55. What is the remainder when 199 is divided by a?
39
Suppose -k - 2*h = -2153, 53*h - 52*h - 2161 = -k. Calculate the remainder when k is divided by 126.
27
Suppose -o + 229 = -l - 39, -1298 = -5*o - l. What is the remainder when o is divided by (-182)/(-6)*3 - 2?
83
Let p(f) = 2*f**2 + 7*f - 1. Suppose -5*q - 15 = -l